{"id":480,"date":"2017-06-12T20:31:31","date_gmt":"2017-06-12T18:31:31","guid":{"rendered":"https:\/\/www.francobavaria.at\/?page_id=480"},"modified":"2017-06-12T20:31:31","modified_gmt":"2017-06-12T18:31:31","slug":"impressum","status":"publish","type":"page","link":"https:\/\/www.francobavaria.at\/?page_id=480","title":{"rendered":"Impressum"},"content":{"rendered":"<p><strong>Medieninhaber und Herausgeber:<\/strong><br \/>\nKatholisch-\u00d6sterreichische Hochschulverbindung Franco-Bavaria<br \/>\nBankgasse 1\/2<br \/>\n1010 Wien<br \/>\nZVR-Zahl: 978225919 <\/p>\n<p><strong>Datenschutz<\/strong><br \/>\nUm die Website in vollem Ausma\u00df zu nutzen setzen wir sowie Drittanbieter Cookies ein. Weiters setzen wir Software ein um das Nutzungsverhalten zu analysieren und somit unsere Website zu verbessern. Die Angaben die Sie in dem Kontaktformular angeben werden nur wenn es die Bearbeitung Ihrer Anfrage erfordert an Dritte weitergegeben. Der Interne Bereich steht ausschlie\u00dflich den Mitgliedern des o.a. Vereins zur Verf\u00fcgung.<\/p>\n<p><strong>Haftung<\/strong><br \/>\nAlle Angaben auf dieser Website sind ohne Gew\u00e4hr. F\u00fcr verlinkte Websites k\u00f6nnen wir keine Verantwortung \u00fcbernehmen.<\/p>\n<p><strong>Copyright<\/strong><br \/>\nDie auf dieser Homepage bereitgestellten Abbildungen sind, wenn nicht anders gekennzeichnet das geistige Eigentum des im Impressum angef\u00fchrten Vereins. Die Programmierung der Website wurde \u00fcber die Web-Software WordPress vorgenommen und das Layout basiert auf dem WordPress Template Zerif Lite. Eine Weiterverbreitung der Inhalte und Abbildungen ist nur im Falle unserer Zustimmung gestattet. Falls Sie sich in Ihrem Recht auf geistiges Eigentum verletzt f\u00fchlen, bitten wir um Kontaktaufnahme.<\/p>\n","protected":false},"excerpt":{"rendered":"<p>Medieninhaber und Herausgeber: Katholisch-\u00d6sterreichische Hochschulverbindung Franco-Bavaria Bankgasse 1\/2 1010 Wien ZVR-Zahl: 978225919 Datenschutz Um die Website in vollem Ausma\u00df zu nutzen setzen wir sowie Drittanbieter Cookies ein. Weiters setzen wir Software ein um das Nutzungsverhalten zu analysieren und somit unsere Website zu verbessern. Die Angaben die Sie in dem Kontaktformular angeben werden nur wenn es <a href=\"https:\/\/www.francobavaria.at\/?page_id=480\" rel=\"nofollow\"><span class=\"sr-only\">Read more about Impressum<\/span>[&hellip;]<\/a><\/p>\n","protected":false},"author":1,"featured_media":0,"parent":0,"menu_order":0,"comment_status":"closed","ping_status":"closed","template":"","meta":{"footnotes":""},"class_list":["post-480","page","type-page","status-publish","hentry"],"_links":{"self":[{"href":"https:\/\/www.francobavaria.at\/index.php?rest_route=\/wp\/v2\/pages\/480","targetHints":{"allow":["GET"]}}],"collection":[{"href":"https:\/\/www.francobavaria.at\/index.php?rest_route=\/wp\/v2\/pages"}],"about":[{"href":"https:\/\/www.francobavaria.at\/index.php?rest_route=\/wp\/v2\/types\/page"}],"author":[{"embeddable":true,"href":"https:\/\/www.francobavaria.at\/index.php?rest_route=\/wp\/v2\/users\/1"}],"replies":[{"embeddable":true,"href":"https:\/\/www.francobavaria.at\/index.php?rest_route=%2Fwp%2Fv2%2Fcomments&post=480"}],"version-history":[{"count":1,"href":"https:\/\/www.francobavaria.at\/index.php?rest_route=\/wp\/v2\/pages\/480\/revisions"}],"predecessor-version":[{"id":481,"href":"https:\/\/www.francobavaria.at\/index.php?rest_route=\/wp\/v2\/pages\/480\/revisions\/481"}],"wp:attachment":[{"href":"https:\/\/www.francobavaria.at\/index.php?rest_route=%2Fwp%2Fv2%2Fmedia&parent=480"}],"curies":[{"name":"wp","href":"https:\/\/api.w.org\/{rel}","templated":true}]}}