{"id":438,"date":"2017-05-31T13:48:04","date_gmt":"2017-05-31T11:48:04","guid":{"rendered":"https:\/\/www.francobavaria.at\/?page_id=438"},"modified":"2024-10-10T16:24:05","modified_gmt":"2024-10-10T14:24:05","slug":"zirkel-ooe","status":"publish","type":"page","link":"https:\/\/www.francobavaria.at\/?page_id=438","title":{"rendered":"Zirkel O\u00d6"},"content":{"rendered":"<p>Nach dem Studium bleiben die Alten Herren unserer Verbindung treu. Da sehr viele Franco-Bayern sich in Ober\u00f6sterreich niedergelassen haben, besteht in Linz der F-B Zirkel Ober\u00f6sterreich, in dem sich die ober\u00f6sterreichischen Verbindungsmitglieder regelm\u00e4\u00dfig treffen.<\/p>\n<p><strong>Zirkelvorsitzender<\/strong><br \/>\nADir. Martin Haslwanter<br \/>\n<a href=\"mailto:ooe-zirkel@f-b.at\">ooe-zirkel@f-b.at <\/a><\/p>\n<div id='WidgetOnPagesSidebar' class='widgets_on_page wop_tiny1  wop_small1  wop_medium1  wop_large1  wop_wide1'>\n\t\t\t<ul><li id=\"zerif_team-widget-11\" class=\"widget widget_zerif_team-widget\">\n\t\t\t<div class=\"col-lg-3 col-sm-3 team-box\">\n\n\t\t\t\t<div class=\"team-member\" tabindex=\"0\">\n\n\t\t\t\t\t\n\t\t<figure class=\"profile-pic\">\n\n\t\t\t<img decoding=\"async\" src=\"https:\/\/www.francobavaria.at\/wp-content\/uploads\/2017\/03\/logo_homepage_150.png\"\n\t\t\t\t alt=\"\"\/>\n\n\t\t\t\t\t\t\t<\/figure>\n\n\t\t\t\t\t\t\t\n\t\t\t\t\t<div class=\"member-details\">\n\n\t\t\t\t\t\t\n\t\t\t\t\t\t\t<h3 class=\"dark-text red-border-bottom\">IKARUS<\/h3>\n\n\t\t\t\t\t\t\n\t\t\t\t\t\t\n\t\t\t\t\t\t\t<div\n\t\t\t\t\t\t\t\tclass=\"position\">\t\t\t\t\t\t\t\t\t\t Zirkelvorsitz\t\t\t\t\t\t\t<\/div>\n\n\t\t\t\t\t\t\n\t\t\t\t\t<\/div>\n\n\t\t\t\t\t<div class=\"social-icons\">\n\n\t\t\t\t\t\t<ul>\n\t\t\t\t\t\t\t\n\t\t\t\t\t\t\t\t\t\t\t\t\t\t\t<li>\n\t\t\t\t\t\t\t\t\t<a href=\"\t\t\t\t\t   \t\t\t\t\t\t\"\n\t\t\t\t\t\t\t\t\t   target=\"_self\">\n\t\t\t\t\t\t\t\t\t\t\t\t\t\t\t\t\t\t\t\t\t<span class=\"sr-only\">\n\t\t\t\t\t\t\t\t\t\t\tFacebook account of\t\t\t\t\t\t\t\t\t\t\tIKARUS\t\t\t\t\t\t\t\t\t\t<\/span>\n\t\t\t\t\t\t\t\t\t\t\t\t\t\t\t\t\t\t\t\t\t<i class=\"fa fa-facebook\"><\/i>\n\t\t\t\t\t\t\t\t\t<\/a>\n\t\t\t\t\t\t\t\t<\/li>\n\t\t\t\t\t\t\t\t\t\t\t\t\t\t\t\t<li>\n\t\t\t\t\t\t\t\t\t<a href=\"\t\t\t\t\t   \t\t\t\t\t\t\"\n\t\t\t\t\t\t\t\t\t   target=\"_self\">\n\t\t\t\t\t\t\t\t\t\t\t\t\t\t\t\t\t\t\t\t\t<span class=\"sr-only\">\n\t\t\t\t\t\t\t\t\t\t\tTwitter account of\t\t\t\t\t\t\t\t\t\t\tIKARUS\t\t\t\t\t\t\t\t\t\t<\/span>\n\t\t\t\t\t\t\t\t\t\t\t\t\t\t\t\t\t\t\t\t\t<i class=\"fa fa-twitter\"><\/i>\n\t\t\t\t\t\t\t\t\t<\/a>\n\t\t\t\t\t\t\t\t<\/li>\n\t\t\t\t\t\t\t\t\t\t\t\t\t\t\t\t<li>\n\t\t\t\t\t\t\t\t\t<a href=\"\t\t\t\t\t   \t\t\t\t\t\t\"\n\t\t\t\t\t\t\t\t\t   target=\"_self\">\n\t\t\t\t\t\t\t\t\t\t\t\t\t\t\t\t\t\t\t\t\t<span class=\"sr-only\">\n\t\t\t\t\t\t\t\t\t\t\tBehance account of\t\t\t\t\t\t\t\t\t\t\tIKARUS\t\t\t\t\t\t\t\t\t\t<\/span>\n\t\t\t\t\t\t\t\t\t\t\t\t\t\t\t\t\t\t\t\t\t<i class=\"fa fa-behance\"><\/i>\n\t\t\t\t\t\t\t\t\t<\/a>\n\t\t\t\t\t\t\t\t<\/li>\n\t\t\t\t\t\t\t\t\t\t\t\t\t\t\t\t<li>\n\t\t\t\t\t\t\t\t\t<a href=\"\t\t\t\t\t   \t\t\t\t\t\t\"\n\t\t\t\t\t\t\t\t\t   target=\"_self\">\n\t\t\t\t\t\t\t\t\t\t\t\t\t\t\t\t\t\t\t\t\t<span class=\"sr-only\">\n\t\t\t\t\t\t\t\t\t\t\tDribble account of\t\t\t\t\t\t\t\t\t\t\tIKARUS\t\t\t\t\t\t\t\t\t\t<\/span>\n\t\t\t\t\t\t\t\t\t\t\t\t\t\t\t\t\t\t\t\t\t<i class=\"fa fa-dribbble\"><\/i>\n\t\t\t\t\t\t\t\t\t<\/a>\n\t\t\t\t\t\t\t\t<\/li>\n\t\t\t\t\t\t\t\t\t\t\t\t\t\t\t\t<li>\n\t\t\t\t\t\t\t\t\t<a href=\"\t\t\t\t\t   \t\t\t\t\t\t\"\n\t\t\t\t\t\t\t\t\t   target=\"_self\">\n\t\t\t\t\t\t\t\t\t\t\t\t\t\t\t\t\t\t\t\t\t<span class=\"sr-only\">\n\t\t\t\t\t\t\t\t\t\t\tLinkedin account of\t\t\t\t\t\t\t\t\t\t\tIKARUS\t\t\t\t\t\t\t\t\t\t<\/span>\n\t\t\t\t\t\t\t\t\t\t\t\t\t\t\t\t\t\t\t\t\t<i class=\"fa fa-linkedin\"><\/i>\n\t\t\t\t\t\t\t\t\t<\/a>\n\t\t\t\t\t\t\t\t<\/li>\n\t\t\t\t\t\t\t\t\n\t\t\t\t\t\t<\/ul>\n\n\t\t\t\t\t<\/div>\n\n\t\t\t\t\t\t\t\t\t\t\t<div class=\"details\">\n\n\t\t\t\t\t\t\t\t\t\t\t\t\t\t\t\t\t Zirkelvorsitzender\t\t\t\t\t\n\t\t\t\t\t\t<\/div>\n\t\t\t\t\t\n\t\t\t\t<\/div>\n\n\t\t\t<\/div>\n\n\t\t\t<\/li><\/ul><\/div><!-- widgets_on_page -->\n","protected":false},"excerpt":{"rendered":"<p>Nach dem Studium bleiben die Alten Herren unserer Verbindung treu. Da sehr viele Franco-Bayern sich in Ober\u00f6sterreich niedergelassen haben, besteht in Linz der F-B Zirkel Ober\u00f6sterreich, in dem sich die ober\u00f6sterreichischen Verbindungsmitglieder regelm\u00e4\u00dfig treffen. Zirkelvorsitzender ADir. Martin Haslwanter ooe-zirkel@f-b.at<\/p>\n","protected":false},"author":1,"featured_media":0,"parent":0,"menu_order":0,"comment_status":"closed","ping_status":"closed","template":"template-fullwidth.php","meta":{"footnotes":""},"class_list":["post-438","page","type-page","status-publish","hentry"],"_links":{"self":[{"href":"https:\/\/www.francobavaria.at\/index.php?rest_route=\/wp\/v2\/pages\/438","targetHints":{"allow":["GET"]}}],"collection":[{"href":"https:\/\/www.francobavaria.at\/index.php?rest_route=\/wp\/v2\/pages"}],"about":[{"href":"https:\/\/www.francobavaria.at\/index.php?rest_route=\/wp\/v2\/types\/page"}],"author":[{"embeddable":true,"href":"https:\/\/www.francobavaria.at\/index.php?rest_route=\/wp\/v2\/users\/1"}],"replies":[{"embeddable":true,"href":"https:\/\/www.francobavaria.at\/index.php?rest_route=%2Fwp%2Fv2%2Fcomments&post=438"}],"version-history":[{"count":10,"href":"https:\/\/www.francobavaria.at\/index.php?rest_route=\/wp\/v2\/pages\/438\/revisions"}],"predecessor-version":[{"id":1505,"href":"https:\/\/www.francobavaria.at\/index.php?rest_route=\/wp\/v2\/pages\/438\/revisions\/1505"}],"wp:attachment":[{"href":"https:\/\/www.francobavaria.at\/index.php?rest_route=%2Fwp%2Fv2%2Fmedia&parent=438"}],"curies":[{"name":"wp","href":"https:\/\/api.w.org\/{rel}","templated":true}]}}